
List the prime factors of 24105.
3, 5, 1607
List the prime factors of 530.
2, 5, 53
What are the prime factors of 9287?
37, 251
What are the prime factors of 2052?
2, 3, 19
List the prime factors of 21721.
7, 29, 107
What are the prime factors of 3129?
3, 7, 149
What are the prime factors of 4277?
7, 13, 47
What are the prime factors of 69?
3, 23
What are the prime factors of 781?
11, 71
List the prime factors of 2342.
2, 1171
What are the prime factors of 26401?
17, 1553
What are the prime factors of 220?
2, 5, 11
What are the prime factors of 11665?
5, 2333
List the prime factors of 5027.
11, 457
List the prime factors of 752.
2, 47
List the prime factors of 16365.
3, 5, 1091
List the prime factors of 2408.
2, 7, 43
List the prime factors of 31932.
2, 3, 887
What are the prime factors of 942?
2, 3, 157
What are the prime factors of 67123?
7, 43, 223
List the prime factors of 14481.
3, 1609
What are the prime factors of 19683?
3
What are the prime factors of 3365?
5, 673
List the prime factors of 1811.
1811
What are the prime factors of 66330?
2, 3, 5, 11, 67
List the prime factors of 73978.
2, 47, 787
What are the prime factors of 5766?
2, 3, 31
What are the prime factors of 232?
2, 29
What are the prime factors of 954?
2, 3, 53
List the prime factors of 3213.
3, 7, 17
What are the prime factors of 9242?
2, 4621
What are the prime factors of 10774?
2, 5387
List the prime factors of 6830.
2, 5, 683
List the prime factors of 57313.
37, 1549
What are the prime factors of 7646?
2, 3823
List the prime factors of 87667.
29, 3023
What are the prime factors of 18339?
3, 6113
List the prime factors of 70610.
2, 5, 23, 307
List the prime factors of 180224.
2, 11
List the prime factors of 22706.
2, 11353
What are the prime factors of 1616?
2, 101
List the prime factors of 4848.
2, 3, 101
List the prime factors of 520.
2, 5, 13
What are the prime factors of 50126?
2, 71, 353
What are the prime factors of 3103?
29, 107
List the prime factors of 9963.
3, 41
What are the prime factors of 12285?
3, 5, 7, 13
What are the prime factors of 1402?
2, 701
List the prime factors of 6852.
2, 3, 571
List the prime factors of 98.
2, 7
What are the prime factors of 522?
2, 3, 29
List the prime factors of 3822.
2, 3, 7, 13
List the prime factors of 49853.
49853
What are the prime factors of 91699?
107, 857
What are the prime factors of 3912?
2, 3, 163
List the prime factors of 13053.
3, 19, 229
List the prime factors of 59469.
3, 43, 461
List the prime factors of 15933.
3, 47, 113
List the prime factors of 789.
3, 263
List the prime factors of 9716.
2, 7, 347
List the prime factors of 963.
3, 107
What are the prime factors of 50738?
2, 23, 1103
List the prime factors of 5233.
5233
What are the prime factors of 25563?
3, 8521
List the prime factors of 1985.
5, 397
List the prime factors of 1478.
2, 739
What are the prime factors of 87847?
107, 821
What are the prime factors of 7809?
3, 19, 137
List the prime factors of 7463.
17, 439
List the prime factors of 18403.
7, 11, 239
List the prime factors of 3890.
2, 5, 389
What are the prime factors of 2079?
3, 7, 11
What are the prime factors of 2558?
2, 1279
What are the prime factors of 3688?
2, 461
List the prime factors of 114117.
3, 38039
What are the prime factors of 1324?
2, 331
What are the prime factors of 320?
2, 5
What are the prime factors of 1282?
2, 641
List the prime factors of 228.
2, 3, 19
List the prime factors of 356.
2, 89
What are the prime factors of 1006?
2, 503
List the prime factors of 14409.
3, 1601
List the prime factors of 8321.
53, 157
What are the prime factors of 881?
881
List the prime factors of 191.
191
List the prime factors of 141282.
2, 3, 47, 167
List the prime factors of 42428.
2, 10607
List the prime factors of 30956.
2, 71, 109
What are the prime factors of 23491?
13, 139
What are the prime factors of 1222?
2, 13, 47
List the prime factors of 8741.
8741
What are the prime factors of 973?
7, 139
What are the prime factors of 9450?
2, 3, 5, 7
What are the prime factors of 10418?
2, 5209
List the prime factors of 69270.
2, 3, 5, 2309
What are the prime factors of 2029?
2029
What are the prime factors of 1131?
3, 13, 29
What are the prime factors of 5395?
5, 13, 83
List the prime factors of 10400.
2, 5, 13
List the prime factors of 1085.
5, 7, 31
What are the prime factors of 69472?
2, 13, 167
List the prime factors of 1357.
23, 59
List the prime factors of 20505.
3, 5, 1367
List the prime factors of 3006.
2, 3, 167
What are the prime factors of 141003?
3, 15667
List the prime factors of 8474.
2, 19, 223
What are the prime factors of 5846?
2, 37, 79
What are the prime factors of 25055?
5, 5011
What are the prime factors of 4928?
2, 7, 11
What are the prime factors of 660?
2, 3, 5, 11
What are the prime factors of 27318?
2, 3, 29, 157
List the prime factors of 1142.
2, 571
What are the prime factors of 34830?
2, 3, 5, 43
What are the prime factors of 17134?
2, 13, 659
What are the prime factors of 80004?
2, 3, 59, 113
List the prime factors of 57833.
151, 383
What are the prime factors of 354?
2, 3, 59
What are the prime factors of 71347?
71347
List the prime factors of 157897.
157897
What are the prime factors of 3176?
2, 397
What are the prime factors of 37?
37
List the prime factors of 15449.
7, 2207
What are the prime factors of 47239?
97, 487
List the prime factors of 27690.
2, 3, 5, 13, 71
List the prime factors of 208.
2, 13
List the prime factors of 255.
3, 5, 17
List the prime factors of 9821.
7, 23, 61
What are the prime factors of 19112?
2, 2389
What are the prime factors of 923?
13, 71
List the prime factors of 688.
2, 43
What are the prime factors of 16665?
3, 5, 11, 101
List the prime factors of 2306.
2, 1153
List the prime factors of 50810.
2, 5, 5081
What are the prime factors of 448?
2, 7
List the prime factors of 748.
2, 11, 17
List the prime factors of 3307.
3307
List the prime factors of 12556.
2, 43, 73
What are the prime factors of 26155?
5, 5231
List the prime factors of 692.
2, 173
What are the prime factors of 41158?
2, 13, 1583
List the prime factors of 6584.
2, 823
List the prime factors of 29652.
2, 3, 7, 353
List the prime factors of 3243.
3, 23, 47
List the prime factors of 1566.
2, 3, 29
What are the prime factors of 46651?
11, 4241
List the prime factors of 3732.
2, 3, 311
What are the prime factors of 9799?
41, 239
What are the prime factors of 9710?
2, 5, 971
List the prime factors of 79594.
2, 17, 2341
List the prime factors of 15558.
2, 3, 2593
List the prime factors of 353.
353
What are the prime factors of 89349?
3, 13, 29, 79
What are the prime factors of 51256?
2, 43, 149
What are the prime factors of 1395?
3, 5, 31
List the prime factors of 3510.
2, 3, 5, 13
What are the prime factors of 1852?
2, 463
What are the prime factors of 1959?
3, 653
List the prime factors of 622.
2, 311
List the prime factors of 21881.
21881
What are the prime factors of 30376?
2, 3797
What are the prime factors of 783?
3, 29
List the prime factors of 17560.
2, 5, 439
What are the prime factors of 384?
2, 3
What are the prime factors of 4016?
2, 251
List the prime factors of 8207.
29, 283
What are the prime factors of 3804?
2, 3, 317
What are the prime factors of 61929?
3, 7, 983
List the prime factors of 5517.
3, 613
List the prime factors of 12091.
107, 113
List the prime factors of 11470.
2, 5, 31, 37
List the prime factors of 3798.
2, 3, 211
List the prime factors of 16138.
2, 8069
What are the prime factors of 12390?
2, 3, 5, 7, 59
What are the prime factors of 213?
3, 71
What are the prime factors of 7555?
5, 1511
What are the prime factors of 3675?
3, 5, 7
List the prime factors of 2177.
7, 311
What are the prime factors of 26243?
7, 23, 163
List the prime factors of 18672.
2, 3, 389
What are the prime factors of 391?
17, 23
What are the prime factors of 24592?
2, 29, 53
What are the prime factors of 58057?
58057
List the prime factors of 4009.
19, 211
List the prime factors of 27053.
13, 2081
What are the prime factors of 3225?
3, 5, 43
List the prime factors of 47501.
47501
List the prime factors of 1755.
3, 5, 13
List the prime factors of 16929.
3, 11, 19
List the prime factors of 985.
5, 197
List the prime factors of 489.
3, 163
What are the prime factors 